divided by 9767973.
1
What is the remainder when 317612015 is divided by 9?
8
What is the remainder when 21714199 is divided by 3619024?
55
Calculate the remainder when 2860151 is divided by 571.
12
Calculate the remainder when 2897454 is divided by 379.
378
Calculate the remainder when 120075 is divided by 30009.
39
What is the remainder when 181020101 is divided by 9?
5
Calculate the remainder when 1076539 is divided by 6945.
64
What is the remainder when 23596297 is divided by 2476?
17
Calculate the remainder when 139882558 is divided by 7219.
7214
What is the remainder when 1860861 is divided by 28627?
106
What is the remainder when 2999892 is divided by 64?
20
What is the remainder when 5849803 is divided by 201717?
10
Calculate the remainder when 75689465 is divided by 11430.
5
What is the remainder when 304747 is divided by 43357?
1248
What is the remainder when 120119 is divided by 6704?
6151
Calculate the remainder when 188911 is divided by 477.
19
What is the remainder when 198229 is divided by 12957?
3874
Calculate the remainder when 159089 is divided by 527.
462
Calculate the remainder when 108771 is divided by 9.
6
What is the remainder when 5471336 is divided by 294?
290
What is the remainder when 25732 is divided by 5138?
42
What is the remainder when 77762510 is divided by 220?
210
Calculate the remainder when 50399403 is divided by 953.
951
What is the remainder when 840901 is divided by 1933?
46
Calculate the remainder when 166798 is divided by 385.
93
What is the remainder when 6271010 is divided by 1479?
50
What is the remainder when 1827008 is divided by 25375?
8
Calculate the remainder when 35131 is divided by 388.
211
Calculate the remainder when 1666427 is divided by 62.
53
Calculate the remainder when 188617 is divided by 328.
17
Calculate the remainder when 68246 is divided by 490.
136
Calculate the remainder when 1113511 is divided by 28448.
4039
What is the remainder when 2111304 is divided by 1401?
1398
What is the remainder when 2219380 is divided by 5130?
3220
Calculate the remainder when 27903999 is divided by 40.
39
Calculate the remainder when 8272897 is divided by 636376.
9
Calculate the remainder when 157479 is divided by 11245.
49
What is the remainder when 12924278 is divided by 20?
18
Calculate the remainder when 404011 is divided by 31.
19
Calculate the remainder when 1793100 is divided by 1092.
36
Calculate the remainder when 515362 is divided by 1408.
34
Calculate the remainder when 53610 is divided by 691.
403
Calculate the remainder when 1570519 is divided by 22.
5
What is the remainder when 1462130 is divided by 1763?
603
What is the remainder when 444573 is divided by 22?
19
What is the remainder when 413847 is divided by 413389?
458
What is the remainder when 63260507 is divided by 311?
308
What is the remainder when 1046351 is divided by 36?
11
What is the remainder when 290194939 is divided by 2737688?
11
What is the remainder when 8488147 is divided by 1414689?
13
Calculate the remainder when 1509926 is divided by 32.
6
Calculate the remainder when 6933683 is divided by 1569.
272
Calculate the remainder when 918073 is divided by 187.
90
Calculate the remainder when 77713 is divided by 9.
7
What is the remainder when 1278023 is divided by 8?
7
Calculate the remainder when 185819 is divided by 42.
11
What is the remainder when 50348457 is divided by 19?
15
What is the remainder when 6437096 is divided by 158?
18
What is the remainder when 384933 is divided by 2379?
1914
What is the remainder when 333551 is divided by 33289?
661
What is the remainder when 68695 is divided by 34322?
51
Calculate the remainder when 25661582 is divided by 7850.
7782
Calculate the remainder when 207169674 is divided by 39.
36
What is the remainder when 165378 is divided by 194?
90
What is the remainder when 2102877 is divided by 1248?
1245
Calculate the remainder when 2279533486 is divided by 898.
896
What is the remainder when 38568701 is divided by 3234?
17
Calculate the remainder when 2092510 is divided by 689.
17
What is the remainder when 626228 is divided by 1536?
1076
Calculate the remainder when 86851 is divided by 257.
242
What is the remainder when 2326163 is divided by 775387?
2
Calculate the remainder when 6897708 is divided by 162.
72
What is the remainder when 67024491 is divided by 154?
149
Calculate the remainder when 367046 is divided by 9648.
422
Calculate the remainder when 298978 is divided by 43.
42
Calculate the remainder when 3924323 is divided by 134.
133
Calculate the remainder when 5841247 is divided by 389412.
67
What is the remainder when 2899232 is divided by 7054?
38
What is the remainder when 49055562 is divided by 7?
3
What is the remainder when 1350551 is divided by 2553?
14
What is the remainder when 2969323 is divided by 15628?
3
Calculate the remainder when 68021011 is divided by 147.
142
Calculate the remainder when 338202 is divided by 6038.
74
Calculate the remainder when 182157 is divided by 920.
917
Calculate the remainder when 59639 is divided by 1168.
71
Calculate the remainder when 1235400 is divided by 2230.
2210
Calculate the remainder when 208061 is divided by 9753.
3248
What is the remainder when 5152949 is divided by 623?
116
What is the remainder when 48368716 is divided by 2845218?
10
Calculate the remainder when 797106 is divided by 26.
24
What is the remainder when 235464 is divided by 58629?
948
Calculate the remainder when 6788218 is divided by 41.
12
Calculate the remainder when 10042190 is divided by 10042168.
22
Calculate the remainder when 15549888 is divided by 974.
952
Calculate the remainder when 1843494 is divided by 614497.
3
Calculate the remainder when 14542121 is divided by 119.
83
Calculate the remainder when 16027616 is divided by 372.
368
Calculate the remainder when 285983 is divided by 142908.
167
What is the remainder when 28346974 is divided by 7055?
7039
What is the remainder when 30523 is divided by 3986?
2621
Calculate the remainder when 115434 is divided by 46.
20
Calculate the remainder when 52130 is divided by 4681.
639
Calculate the remainder when 3209259 is divided by 5867.
10
Calculate the remainder when 32232061 is divided by 145.
11
Calculate the remainder when 768342 is divided by 18740.
2
What is the remainder when 32489 is divided by 16108?
273
What is the remainder when 32481 is divided by 2029?
17
What is the remainder when 2933367 is divided by 9?
6
What is the remainder when 11254 is divided by 2105?
729
What is the remainder when 20820577 is divided by 2974363?
36
Calculate the remainder when 17634268 is divided by 5878085.
13
Calculate the remainder when 6271893 is divided by 12346.
125
What is the remainder when 45110812 is divided by 77377?
21
Calculate the remainder when 162881159 is divided by 60.
59
Calculate the remainder when 8782528 is divided by 878239.
138
Calculate the remainder when 61479117 is divided by 80.
77
What is the remainder when 57599 is divided by 2133?
8
What is the remainder when 624902 is divided by 62485?
52
What is the remainder when 1769548 is divided by 2714?
20
Calculate the remainder when 160774 is divided by 59.
58
Calculate the remainder when 537086779 is divided by 68.
67
What is the remainder when 747545118 is divided by 32?
30
What is the remainder when 168075296 is divided by 725?
721
Calculate the remainder when 3916988 is divided by 551.
480
What is the remainder when 21565832 is divided by 1641?
1451
What is the remainder when 1459990 is divided by 127?
125
Calculate the remainder when 60309 is divided by 3550.
3509
What is the remainder when 389716 is divided by 7041?
2461
What is the remainder when 201285 is divided by 53?
44
Calculate the remainder when 42480020 is divided by 134857.
65
What is the remainder when 30155 is divided by 110?
15
Calculate the remainder when 1994425 is divided by 806.
381
What is the remainder when 8722150 is divided by 1744358?
360
Calculate the remainder when 3090511 is divided by 772620.
31
What is the remainder when 74981 is divided by 12140?
2141
What is the remainder when 441429 is divided by 1764?
429
Calculate the remainder when 368126 is divided by 11.
0
What is the remainder when 677028 is divided by 45?
3
What is the remainder when 6784900